 prime factors of 27957.
3, 9319
List the prime factors of 5739.
3, 1913
List the prime factors of 1596.
2, 3, 7, 19
What are the prime factors of 1672?
2, 11, 19
What are the prime factors of 724?
2, 181
List the prime factors of 2082.
2, 3, 347
List the prime factors of 1122.
2, 3, 11, 17
What are the prime factors of 20803?
71, 293
List the prime factors of 43560.
2, 3, 5, 11
List the prime factors of 51959.
223, 233
List the prime factors of 4446.
2, 3, 13, 19
List the prime factors of 1061.
1061
List the prime factors of 11498.
2, 5749
What are the prime factors of 1072?
2, 67
What are the prime factors of 106374?
2, 3, 17729
List the prime factors of 2147.
19, 113
What are the prime factors of 6102?
2, 3, 113
What are the prime factors of 918?
2, 3, 17
What are the prime factors of 10404?
2, 3, 17
What are the prime factors of 29830?
2, 5, 19, 157
List the prime factors of 2348.
2, 587
List the prime factors of 41145.
3, 5, 13, 211
What are the prime factors of 181133?
31, 5843
What are the prime factors of 3232?
2, 101
What are the prime factors of 40575?
3, 5, 541
List the prime factors of 5015.
5, 17, 59
What are the prime factors of 136960?
2, 5, 107
What are the prime factors of 813?
3, 271
List the prime factors of 331.
331
What are the prime factors of 1239?
3, 7, 59
List the prime factors of 46641.
3, 7, 2221
What are the prime factors of 352?
2, 11
List the prime factors of 18244.
2, 4561
What are the prime factors of 336?
2, 3, 7
What are the prime factors of 7801?
29, 269
List the prime factors of 8747.
8747
What are the prime factors of 455?
5, 7, 13
List the prime factors of 6366.
2, 3, 1061
What are the prime factors of 147942?
2, 3, 8219
List the prime factors of 5163.
3, 1721
What are the prime factors of 16402?
2, 59, 139
What are the prime factors of 374?
2, 11, 17
What are the prime factors of 25146?
2, 3, 11, 127
What are the prime factors of 3160?
2, 5, 79
What are the prime factors of 97424?
2, 6089
What are the prime factors of 1260?
2, 3, 5, 7
What are the prime factors of 184626?
2, 3, 13, 263
List the prime factors of 829.
829
List the prime factors of 4086.
2, 3, 227
What are the prime factors of 1155?
3, 5, 7, 11
List the prime factors of 847.
7, 11
What are the prime factors of 1011?
3, 337
What are the prime factors of 22640?
2, 5, 283
List the prime factors of 15529.
53, 293
List the prime factors of 1442.
2, 7, 103
What are the prime factors of 14013?
3, 173
List the prime factors of 847.
7, 11
What are the prime factors of 881?
881
List the prime factors of 112000.
2, 5, 7
List the prime factors of 40.
2, 5
List the prime factors of 186.
2, 3, 31
What are the prime factors of 1490?
2, 5, 149
List the prime factors of 116956.
2, 7, 4177
List the prime factors of 2557.
2557
List the prime factors of 299.
13, 23
List the prime factors of 6019.
13, 463
List the prime factors of 15189.
3, 61, 83
What are the prime factors of 1177?
11, 107
What are the prime factors of 15112?
2, 1889
What are the prime factors of 568?
2, 71
List the prime factors of 2925.
3, 5, 13
List the prime factors of 55597.
53, 1049
List the prime factors of 419.
419
What are the prime factors of 1163?
1163
What are the prime factors of 889?
7, 127
What are the prime factors of 438?
2, 3, 73
List the prime factors of 26125.
5, 11, 19
What are the prime factors of 518?
2, 7, 37
What are the prime factors of 9031?
11, 821
List the prime factors of 5812.
2, 1453
What are the prime factors of 28386?
2, 3, 19, 83
What are the prime factors of 3016?
2, 13, 29
What are the prime factors of 1991?
11, 181
What are the prime factors of 35393?
35393
What are the prime factors of 2278?
2, 17, 67
What are the prime factors of 5657?
5657
List the prime factors of 149778.
2, 3, 53, 157
What are the prime factors of 385?
5, 7, 11
What are the prime factors of 1013?
1013
What are the prime factors of 2724?
2, 3, 227
What are the prime factors of 57077?
57077
List the prime factors of 55713.
3, 7, 379
List the prime factors of 570.
2, 3, 5, 19
List the prime factors of 5254.
2, 37, 71
List the prime factors of 11083.
11083
What are the prime factors of 1977?
3, 659
What are the prime factors of 60373?
60373
List the prime factors of 2882.
2, 11, 131
What are the prime factors of 1863?
3, 23
List the prime factors of 543.
3, 181
List the prime factors of 43810.
2, 5, 13, 337
What are the prime factors of 1506?
2, 3, 251
List the prime factors of 2036.
2, 509
What are the prime factors of 5494?
2, 41, 67
List the prime factors of 11831.
11831
List the prime factors of 1921.
17, 113
What are the prime factors of 52487?
73, 719
List the prime factors of 45111.
3, 11, 1367
What are the prime factors of 10549?
7, 11, 137
List the prime factors of 16224.
2, 3, 13
What are the prime factors of 26480?
2, 5, 331
List the prime factors of 49055.
5, 9811
List the prime factors of 12699.
3, 17, 83
What are the prime factors of 31001?
29, 1069
List the prime factors of 28968.
2, 3, 17, 71
List the prime factors of 9906.
2, 3, 13, 127
What are the prime factors of 105908?
2, 11, 29, 83
List the prime factors of 2924.
2, 17, 43
What are the prime factors of 805?
5, 7, 23
List the prime factors of 1268.
2, 317
What are the prime factors of 6718?
2, 3359
List the prime factors of 76163.
76163
List the prime factors of 1599.
3, 13, 41
What are the prime factors of 191?
191
List the prime factors of 15939.
3, 7, 11, 23
List the prime factors of 1063.
1063
What are the prime factors of 4277?
7, 13, 47
What are the prime factors of 56093?
56093
What are the prime factors of 2511?
3, 31
What are the prime factors of 576?
2, 3
List the prime factors of 2891.
7, 59
List the prime factors of 26542.
2, 23, 577
List the prime factors of 10436.
2, 2609
List the prime factors of 2875.
5, 23
List the prime factors of 40164.
2, 3, 3347
What are the prime factors of 736?
2, 23
List the prime factors of 56118.
2, 3, 47, 199
List the prime factors of 661.
661
List the prime factors of 2747.
41, 67
List the prime factors of 63090.
2, 3, 5, 701
List the prime factors of 676.
2, 13
What are the prime factors of 478?
2, 239
What are the prime factors of 122?
2, 61
What are the prime factors of 1405?
5, 281
What are the prime factors of 5091?
3, 1697
List the prime factors of 17887.
31, 577
List the prime factors of 540.
2, 3, 5
What are the prime factors of 1405?
5, 281
What are the prime factors of 31211?
23, 59
What are the prime factors of 1112?
2, 139
What are the prime factors of 3454?
2, 11, 157
What are the prime factors of 2834?
2, 13, 109
List the prime factors of 2008.
2, 251
What are the prime factors of 558?
2, 3, 31
What are the prime factors of 48053?
29, 1657
What are the prime factors of 19351?
37, 523
List the prime factors of 87737.
13, 17, 397
List the prime factors of 13018.
2, 23, 283
What are the prime factors of 30941?
30941
List the prime factors of 11547.
3, 1283
List the prime factors of 16607.
16607
What are the prime factors of 497?
7, 71
What are the prime factors of 14394?
2, 3, 2399
List the prime factors of 1024.
2
What are the prime factors of 539?
7, 11
What are the prime factors of 72489?
3, 73, 331
List the prime factors of 1001.
7, 11, 13
List the prime factors of 130410.
2, 3, 5, 7, 23
List the prime factors of 3406.
2, 13, 131
List the prime factors of 11436.
2, 3, 953
What are the prime factors of 40875?
3, 5, 109
What are the prime factors of 90656?
2, 2833
List the prime factors of 2631.
3, 877
List the prime factors of 197397.
3, 2437
List the prime factors of 75216.
2, 3, 1567
List the prime factors of 711.
3, 79
What are the prime factors of 11530?
2, 5, 1153
List the prime factors of 1224.
2, 3, 17
List the prime factors of 34003.
37, 919
List the prime factors of 321.
3, 107
What are the prime factors of 1737?
3, 193
List the prime factors of 746.
2, 373
What are the prime factors of 19437?
3, 11, 19, 31
What are the prime factors of 79321?
11, 7211
What are the prime factors of 6548?
2, 1637
List the prime factors of 126427.
7, 18061
What are the prime factors of 55279?
7, 53, 149
What are the prime factors of 2666?
2, 31, 43
List the prime factors of 8651.
41, 211
What are the prime factors of 24900?
2, 3, 5, 83
What are the prime factors of